.
7
Let m(o) = -44119*o - 3*o**2 + o**2 + 10 + 44134*o - 1. Give m(7).
16
Suppose 132*d + 74 = 55*d - 3. Let h(x) = 9*x**2 - 10*x - 13. Give h(d).
6
Let q(a) = -a**3 - 5*a**2 - 4*a + 1. Suppose -2*g = 5*s + 1, -20 - 9 = -2*g + s. Suppose -18*z = -g*z + 18. Give q(z).
-5
Let g(o) = -48*o**3 + 7*o**2 + o - 14. Let a(z) = 17*z**3 - 2*z**2 + 4. Let t(j) = 17*a(j) + 6*g(j). Determine t(-7).
-9
Let r(m) be the second derivative of -m**5/20 + 19*m**4/12 + 3*m**3 + 45*m**2/2 + 32556*m. Let w = 62 + -42. Calculate r(w).
5
Let k = 95 + -91. Suppose -2*j = -2*z - 2, j - 3*z + 3 = -k*z. Let v be (-23 - j)*((-40)/16 + 3). Let s(f) = -f**2 - 9*f + 16. Determine s(v).
-6
Let u(z) = z**3 + 8*z**2 + 6*z - 4. Let h = -533 + 576. Let v(d) = -16*d + 2. Let o be v(-3). Let c = h - o. Give u(c).
3
Let v(a) = 17 + 1 - 21*a + 19*a + 6. Let q be v(10). Let g(o) = 2*o + q + 1 - 6. Calculate g(-2).
-5
Let r(u) be the first derivative of u**2/2 + 14*u - 7675. Suppose -c + 0*c = 0. Calculate r(c).
14
Let y = -45654 - -45650. Let f(d) = 3*d**2 + 4 - 5*d - d + d**3 + 4*d. Give f(y).
-4
Let l(v) = -v + 1 - 3*v**2 + 4*v**2 - 2*v**2 - 15729*v**3 + 15750*v**3. Give l(2).
163
Let m(z) = -1 - 2*z**2 - z + 0 - z + 2. Let i be (14/4)/((-7)/(-2) + -3). Suppose 0 = -2*d + i*d - 5. Calculate m(d).
-3
Let a(w) = -14*w**2 + 17. Let r(t) = t**3 + 10*t**2 + 19*t - 32. Let h be r(-6). Let d(i) = 3*i**2 - 4. Let p(g) = h*a(g) - 9*d(g). Calculate p(-4).
18
Suppose a + a = 2*w - 2, -3*w - 7 = -5*a. Let q(x) = 2*x**3 + 7*x**2 - 9*x. Let l(m) = 3*m**3 + 14*m**2 - 17*m + 2. Let z(i) = 3*l(i) - 5*q(i). Calculate z(w).
6
Let a(x) = 17*x**2 - 6*x - 1. Let k(s) be the third derivative of -17*s**5/30 + 11*s**4/24 + s**3/3 - 35*s**2. Let i(r) = -11*a(r) - 6*k(r). What is i(1)?
16
Let j = -1490 - -1492. Let w(k) be the first derivative of 3*k - 18 + 1/2*k**j. Calculate w(-4).
-1
Let z(w) be the third derivative of w**4/6 + 32*w**3/3 + 2*w**2 - 167*w. Calculate z(-17).
-4
Let i(n) be the first derivative of -18*n**2 + 77*n + 5807. What is i(2)?
5
Let j(b) = b**3 - 31*b**2 - b + 7. Let w(u) = -3*u**2 - 158*u + 591. Let y be w(-56). Calculate j(y).
-24
Let l(h) = 7*h - 646. Let x be l(92). Let y(q) = -q - 2*q**2 + 1 - q**3 - q**2 + 0*q**3. Calculate y(x).
-1
Suppose -92*t + 7*t - 467 - 383 = 0. Let j(i) = i**2 + 8*i - 21. What is j(t)?
-1
Suppose -4*z + g = -0*g + 60, 4*z = -4*g - 40. Let l(u) = -u**3 - 16*u**2 - 31*u - 34. Calculate l(z).
8
Let o(m) = 5*m + 36. Let b(u) = u**2 - 28*u - 594. Let v be b(42). What is o(v)?
6
Let f(t) = 2*t + 6. Suppose w = -4*l + 3*l, 8 = -4*l. Let g be (6/9 + -1)/(7/21). Let k be (20/5 + w)/(-2 - g). Determine f(k).
-6
Let y(w) be the first derivative of -w**3/3 - 2*w**2 + 438. Let p = 4 - 9. Calculate y(p).
-5
Let u(c) = -14*c**2 - 3*c - 4. Let g(m) = 32*m**2 + 5*m + 9. Let y(t) = -2*g(t) - 5*u(t). What is y(-2)?
16
Let i(o) = o**2 + 13*o + 47. Let d be i(-7). Let a(p) = d - 30*p + 17*p + 17*p. Give a(-4).
-11
Suppose q + 254 = 5*n + 321, -3*q = -2*n - 110. Let m(f) = f**2 - 35*f + 110. Give m(q).
14
Suppose -5*r = -3*d - 31 + 6, -12 = 4*r + 4*d. Let g(n) = n**2 + 4*n - 5. Calculate g(r).
7
Let m(q) = 56*q + 35 - q**3 + 46 - 10*q**2 - 9 - 39*q. Give m(-11).
6
Let v = -552 + 560. Suppose -3*n = 2*d - v + 17, 0 = d - 3. Let w(t) = -2*t**2 - 9*t. Determine w(n).
-5
Let i(t) be the third derivative of -t**5/60 + 11*t**4/24 - 7*t**3/2 + 2269*t**2. Calculate i(9).
-3
Let o(b) = b**2 + 2*b - 201. Let r be o(-15). Let y(c) = -25*c - 143. Calculate y(r).
7
Let u(g) = g**3 - 5*g**2 + 3*g + 4. Let f(w) = -w**2 - 4*w + 2. Let h be f(0). Let r be (87/58)/(1/h). Determine u(r).
-5
Suppose 4*w = w + 5*q - 734, 0 = 2*w - 4*q + 490. Let h = -240 - w. Let a(m) = 8 - 2*m - 1 + m. What is a(h)?
4
Let s = 9136 + -9141. Let n(j) = -j**2 + j + 1 - 4*j - 3. Determine n(s).
-12
Suppose -351 = 79*c - 52*c. Let u(j) = 9*j + 112. What is u(c)?
-5
Let d(a) be the first derivative of -a**3/3 + 3*a**2/2 + 29*a + 4879. What is d(6)?
11
Let t(b) = b**2 - b - 5. Let k = -974 - -969. What is t(k)?
25
Let i(o) = -3*o**2 - 27*o + 45. Let p(q) = 2*q**2 + 18*q - 33. Let l(g) = -5*i(g) - 7*p(g). Calculate l(-7).
-8
Let a(d) = -d + 1. Suppose -6*b = -8*b + 24. Suppose 2*o - b = -36. Let l = o + 8. What is a(l)?
5
Suppose 0 = -29*j + 163 + 1664. Let r = 63 - j. Let x(k) = -k**2 + k - 7. What is x(r)?
-7
Let r(i) = 0 + 406273715*i**2 - i**3 + 1 - i - 406273712*i**2. Suppose 2*n = 4*s - 18, -s = -5*s + n + 13. Determine r(s).
3
Let p(k) = -23 - 15*k + 7*k + 0*k + 7*k. Let f(z) = -z - 18. Let a be f(-18). Calculate p(a).
-23
Let s(b) = b**2 - 18*b + 74. Let r be s(7). Let d(q) = q**3 - q**2 - 7*q - 10. What is d(r)?
-25
Let y(m) = 13*m**2 + 7*m + 3. Let h(k) = -16*k**2 - 7*k - 5. Let u(w) = -4*h(w) - 5*y(w). Let q(i) = i + 2. Let j be q(-8). Give u(j).
11
Let q(n) = -n**3 + 740*n - 1574*n + n**2 + 833*n - 3. Let i(d) = 2*d + 6. Let v be i(-3). What is q(v)?
-3
Let w(n) = 68*n + 1 + 2*n**2 - 131*n + 67*n. What is w(5)?
71
Let o(p) = -9*p - 23. Let l = 45 + -38. Let h(r) = 4*r + 11. Let u(q) = l*h(q) + 3*o(q). What is u(-6)?
2
Let t = 73 + -60. Let q(b) = -t + 20 - 12 + 3*b. Let n be (4/(-5))/(3/(-15)). Determine q(n).
7
Let f(j) = 1 + 1 + 2*j - 82*j**2 + 87*j**2. Let t be f(-1). Let v(n) = -7*n - t + 4*n + 4*n + 2. Determine v(9).
6
Let d(t) be the first derivative of t**5/20 - t**4/12 - 5*t**3/6 + t**2 + 246*t + 153. Let z(l) be the first derivative of d(l). Give z(3).
5
Let z(d) = -d**3 - d**2 + d. Let b be 140/168 + (-7)/(-6). Suppose -3*w - b*t = -1 + 7, 2*t + 6 = 4*w. What is z(w)?
0
Let z(d) = 2 - 26*d**3 + 10*d**3 - 1 + d. Let k(b) = 2*b**3 - 32*b**2 + 27*b + 44. Let y be k(15). Determine z(y).
16
Let g(m) be the first derivative of m**3/3 + 2*m**2 - 10*m - 2459. Let f be -5 + (0/2 - 1). Give g(f).
2
Let n(y) = y**3 - 5*y**2 + 2*y + 4. Suppose -6*c - 10 = 2. Let o be 1/(c/2)*(4 + -8). Suppose 0 = 2*i + o - 12. What is n(i)?
-4
Let h = 125 - 58. Let n = -58 + h. Suppose 20*c - n = 11*c. Let p(l) = -8*l**2 + l. Give p(c).
-7
Suppose 0 = -4*t - b + 28, -2*b + 3*b + 2 = t. Let r(v) be the second derivative of -v**5/20 + v**4/2 + 5*v**3/6 + 3*v**2 - 2*v - 7. Give r(t).
36
Let l(y) = y**2 + 7*y + 7. Let p be 100/20 - 3/1. Suppose 15 = -5*d, 3*f + p = -4*d - 31. What is l(f)?
7
Let b be 1*-2 + (-4)/(-4). Let o(g) be the third derivative of -20*g**2 - 1/6*g**3 + 0 - 7/24*g**4 + 0*g. Give o(b).
6
Suppose -4*r - 5 = -5*r. Let z(j) = -r + j**2 + 2*j**2 - j - 2*j**2 - 5*j. Let i(h) = -9*h**2 + 59*h - 23. Let n be i(6). What is z(n)?
2
Let g(l) = -5*l**3 - 15*l**2 - 5*l - 20. Let y(i) = i**3 + 3*i**2 + i + 4. Let z = -244 - -246. Let b(c) = z*g(c) + 11*y(c). Determine b(-3).
1
Let r(j) = 4*j - 3. Let v(d) = d**2 - 4*d - 56. Let c be v(-6). Suppose -9 = -4*o - 3*i + c*i, -5*o + 15 = -5*i. What is r(o)?
5
Let w(l) = -l**3 + 7*l**2 - 9*l + 5. Let z be (-4)/14 + 1676/(-14). Let j = 2898 + -2772. Let u = j + z. Give w(u).
-13
Let o(s) = -s**2 + 139*s + 23. Let k(l) = l**2 - 112*l - 22. Let v(f) = 5*k(f) + 4*o(f). What is v(7)?
3
Let u(s) = -3*s**3 + 2*s**2 - 1. Let m(h) be the second derivative of -h**4/4 - 11*h**3/6 - 7*h**2/2 - 2*h + 1. Let l be m(-3). Determine u(l).
4
Let x = 15570 - 15569. Let i(n) = 57*n**2 + 3*n + 1. Let v(p) = -14*p**2 - p. Let r(c) = 2*i(c) + 9*v(c). What is r(x)?
-13
Let u(m) be the first derivative of m**3/3 + 2*m**2 - 10*m + 698. Determine u(-3).
-13
Suppose -9*a + 200 = -4*a. Suppose -p - a = -9*p. Let l(r) = -r**2 + 5*r**2 - 2*r**2 - p*r + 3 - r**2. Determine l(3).
-3
Let n(h) be the second derivative of -3*h + 1 - 2/3*h**3 - 1/2*h**2. Give n(5).
-21
Let h(g) = -g**3 - g + 35. Let f be -14 - (-5 + -10 + 1). What is h(f)?
35
Let i = -607 - -704. Let u(l) = -33*l**2 - 31*l**2 + i*l**2 - 32*l**2 - 18 - 13. Give u(0).
-31
Let x(m) = -54*m - 36. Suppose -12 = 4*l + 8*o, -5*l + o - 14 + 10 = 0. Give x(l).
18
Suppose 4*l - 3*y = 28, 0 = -2*l + 4*l + 4*y + 8. Let m(z) = l*z - 9 + 2*z - z**2 + 3. Give m(5).
-1
Let k(s) = -s + 2. Let y be k(4). Let z(i) be the first derivative of -5*i**2 + 6*i**2 + 422*i + 102 - 419*i. Give z(y).
-1
Let d(t) = t**2 + 8*t - 5. Let h(i) = -10*i - 7*i + i - 8*i - 1. Let a be h(-3). Let g = a + -79. Give d(g).
-5
Let v(o) = 7*o**2 - 23*o - 31. Let c(w) = -5*w**2 + 20*w + 3